What is the hundreds digit of 52626?
6
What is the hundreds digit of 2302?
3
What is the units digit of 3217?
7
What is the hundreds digit of 2195?
1
What is the hundreds digit of 3271?
2
What is the thousands digit of 1385?
1
What is the hundreds digit of 784?
7
What is the hundreds digit of 73193?
1
What is the ten thousands digit of 99935?
9
What is the tens digit of 1670?
7
What is the units digit of 106173?
3
What is the units digit of 69217?
7
What is the units digit of 761?
1
What is the hundreds digit of 78724?
7
What is the hundreds digit of 285?
2
What is the units digit of 1536?
6
What is the units digit of 12237?
7
What is the tens digit of 3270?
7
What is the units digit of 1290?
0
What is the units digit of 5659?
9
What is the thousands digit of 4139?
4
What is the tens digit of 1513?
1
What is the tens digit of 9244?
4
What is the ten thousands digit of 87041?
8
What is the tens digit of 63179?
7
What is the thousands digit of 59779?
9
What is the hundreds digit of 297?
2
What is the ten thousands digit of 14790?
1
What is the hundreds digit of 192?
1
What is the units digit of 11922?
2
What is the thousands digit of 7393?
7
What is the thousands digit of 1864?
1
What is the hundreds digit of 6840?
8
What is the ten thousands digit of 44915?
4
What is the hundreds digit of 741?
7
What is the thousands digit of 7063?
7
What is the ten thousands digit of 27093?
2
What is the thousands digit of 1122?
1
What is the tens digit of 2214?
1
What is the thousands digit of 5351?
5
What is the hundreds digit of 173179?
1
What is the units digit of 449?
9
What is the hundreds digit of 36780?
7
What is the tens digit of 27956?
5
What is the units digit of 2566?
6
What is the thousands digit of 2349?
2
What is the hundreds digit of 4976?
9
What is the units digit of 17954?
4
What is the units digit of 3475?
5
What is the hundreds digit of 4925?
9
What is the units digit of 2536?
6
What is the ten thousands digit of 24443?
2
What is the thousands digit of 2108?
2
What is the tens digit of 13932?
3
What is the units digit of 2228?
8
What is the hundreds digit of 45331?
3
What is the hundreds digit of 9548?
5
What is the hundreds digit of 12892?
8
What is the thousands digit of 1714?
1
What is the tens digit of 332?
3
What is the units digit of 16578?
8
What is the units digit of 59568?
8
What is the hundreds digit of 2969?
9
What is the tens digit of 5098?
9
What is the hundreds digit of 3016?
0
What is the ten thousands digit of 23338?
2
What is the units digit of 87?
7
What is the tens digit of 924?
2
What is the units digit of 12234?
4
What is the tens digit of 1090?
9
What is the tens digit of 11759?
5
What is the thousands digit of 3958?
3
What is the thousands digit of 73141?
3
What is the thousands digit of 29556?
9
What is the hundreds digit of 865?
8
What is the thousands digit of 27232?
7
What is the hundreds digit of 187268?
2
What is the thousands digit of 5914?
5
What is the tens digit of 8357?
5
What is the hundreds digit of 789?
7
What is the hundreds digit of 2755?
7
What is the units digit of 3495?
5
What is the units digit of 168958?
8
What is the units digit of 943?
3
What is the units digit of 63632?
2
What is the tens digit of 36218?
1
What is the hundreds digit of 41584?
5
What is the hundreds digit of 3214?
2
What is the units digit of 3009?
9
What is the units digit of 1056?
6
What is the units digit of 3406?
6
What is the tens digit of 10409?
0
What is the units digit of 1099?
9
What is the tens digit of 5383?
8
What is the ten thousands digit of 47670?
4
What is the units digit of 87308?
8
What is the tens digit of 92721?
2
What is the units digit of 379?
9
What is the tens digit of 8424?
2
What is the tens digit of 25620?
2
What is the hundreds digit of 22945?
9
What is the units digit of 638?
8
What is the hundreds digit of 80955?
9
What is the units digit of 6655?
5
What is the tens digit of 5561?
6
What is the thousands digit of 7908?
7
What is the hundreds digit of 22859?
8
What is the tens digit of 107?
0
What is the hundreds digit of 1127?
1
What is the units digit of 734?
4
What is the units digit of 1297?
7
What is the units digit of 14580?
0
What is the thousands digit of 46063?
6
What is the tens digit of 6545?
4
What is the ten thousands digit of 137439?
3
What is the ten thousands digit of 44490?
4
What is the thousands digit of 27639?
7
What is the hundreds digit of 3197?
1
What is the tens digit of 2017?
1
What is the tens digit of 24764?
6
What is the hundreds digit of 3769?
7
What is the tens digit of 19492?
9
What is the units digit of 6493?
3
What is the units digit of 1131?
1
What is the tens digit of 111?
1
What is the hundreds digit of 2320?
3
What is the tens digit of 2828?
2
What is the ten thousands digit of 11085?
1
What is the tens digit of 4467?
6
What is the thousands digit of 3460?
3
What is the ten thousands digit of 32424?
3
What is the units digit of 4843?
3
What is the tens digit of 779?
7
What is the units digit of 91281?
1
What is the tens digit of 552?
5
What is the tens digit of 19840?
4
What is the hundreds digit of 89939?
9
What is the units digit of 423?
3
What is the thousands digit of 41391?
1
What is the units digit of 374?
4
What is the ten thousands digit of 51000?
5
What is the units digit of 98?
8
What is the tens digit of 16210?
1
What is the tens digit of 765?
6
What is the units digit of 45894?
4
What is the hundreds digit of 1837?
8
What is the units digit of 55663?
3
What is the tens digit of 110456?
5
What is the thousands digit of 1286?
1
What is the units digit of 2436?
6
What is the units digit of 2582?
2
What is the tens digit of 820?
2
What is the units digit of 1209?
9
What is the tens digit of 143657?
5
What is the tens digit of 778?
7
What is the tens digit of 15879?
7
What is the thousands digit of 45460?
5
What is the thousands digit of 71177?
1
What is the hundreds digit of 4382?
3
What is the ten thousands digit of 21774?
2
What is the thousands digit of 4771?
4
What is the ten thousands digit of 13793?
1
What is the thousands digit of 14803?
4
What is the tens digit of 1470?
7
What is the thousands digit of 4980?
4
What is the units digit of 234?
4
What is the tens digit of 6024?
2
What is the hundreds digit of 739?
7
What is the hundreds digit of 24139?
1
What is the units digit of 3026?
6
What is the tens digit of 1987?
8
What is the units digit of 35934?
4
What is the hundreds digit of 504?
5
What is the tens digit of 990?
9
What is the hundreds digit of 782?
7
What is the thousands digit of 4334?
4
What is the hundreds digit of 29114?
1
What is the units digit of 4505?
5
What is the units digit of 55895?
5
What is the ten thousands digit of 13354?
1
What is the units digit of 41114?
4
What is the tens digit of 46?
4
What is the tens digit of 660?
6
What is the thousands digit of 6928?
6
What is the thousands digit of 1116?
1
What is the hundreds digit of 32842?
8
What is the hundreds digit of 50029?
0
What is the tens digit of 396?
9
What is the hundreds digit of 7843?
8
What is the units digit of 14773?
3
What is the units digit of 1042?
2
What is the units digit of 58445?
5
What is the hundreds digit of 4412?
4
What is the thousands digit of 32520?
2
What is the hundreds digit of 94145?
1
What is the tens digit of 7920?
2
What is the thousands digit of 113698?
3
What is the tens digit of 3669?
6
What is the tens digit of 26676?
7
What is the tens digit of 5228?
2
What is the ten thousands digit of 85731?
8
What is the hundreds digit of 146?
1
What is the units digit of 5679?
9
What is the tens digit of 2109?
0
What is the ten thousands digit of 24235?
2
What is the thousands digit of 18238?
8
What is the units digit of 7236?
6
What is the hundreds digit of 697?
6
What is the units digit of 346?
6
What is the tens digit of 1548?
4
What is the tens digit of 14032?
3
What is the thousands digit of 2206?
2
What is the ten thousands digit of 36908?
3
What is the hundreds digit of 2182?
1
What is the units digit of 79597?
7
What is the units digit of 22282?
2
What is the hundreds digit of 1831?
8
What is the thousands digit of 3625?
3
What is the thousands digit of 9765?
9
What is the thousands digit of 4130?
4
What is the hundreds digit of 54025?
